it of w/15 - 24/(-10)?
2
Let g(p) be the second derivative of 0 + p + 7/6*p**3 + 1/20*p**5 + 3/4*p**4 + 5*p**2. What is the tens digit of g(-8)?
1
Let s = 614 + -375. What is the tens digit of s?
3
Let h(u) = u**2 + u - 13. What is the units digit of h(-7)?
9
Suppose 58 = 2*h - 0*h. What is the units digit of h?
9
Suppose -2*h + 23 = -h. What is the units digit of h?
3
Let q(y) = y - 1. Let h be q(3). What is the units digit of -15*(-1 + h/3)?
5
Suppose 0 = -3*z - 2*z - 370. What is the units digit of 2*(-4 + z/(-4))?
9
Let v(f) be the third derivative of f**5/60 + f**4/3 + 13*f**3/6 - 3*f**2. What is the units digit of v(-9)?
2
Suppose 0 = k - 3*k - 72. Let v be 2/(-8) + 855/k. What is the units digit of ((-18)/8)/3*v?
8
Let g = -2 - -2. Let c(i) be the third derivative of -i**5/60 + i**4/24 + 5*i**3/3 - i**2. What is the units digit of c(g)?
0
Suppose -3*o - 2*o = 0. Suppose 0 = 4*i - o*i - 20. What is the units digit of i?
5
Suppose 2*u - 10 = b, -5*u - 5*b - 8 + 3 = 0. What is the tens digit of (4 - u) + -1 + 12?
1
Suppose -2*i + 5*u + 272 = 0, 5*u = -5*i + 2*u + 742. What is the hundreds digit of i?
1
Let m(l) be the second derivative of -l**4/12 - l**3 + 2*l**2 + 2*l. Let k be m(-7). What is the units digit of -3 - (-69)/((-9)/k)?
0
Let q be (10/(-6) + 2)*12. Suppose 2*c + 1 = c. Let k = c + q. What is the units digit of k?
3
Let i = 187 + -68. What is the hundreds digit of i?
1
Suppose 5 = m - 14. What is the units digit of m?
9
Suppose 2*b + 541 = 3*p, -p + 211 - 36 = 2*b. What is the tens digit of p?
7
Suppose -3*y + 12*y - 1962 = 0. What is the tens digit of y?
1
Let v = -267 + 392. What is the units digit of v?
5
Let o = -16 - -22. What is the units digit of o?
6
Let s(i) = -i - 6. Let d be s(-7). Let x be (-1 - d - -2) + 2. Suppose 10 + 18 = x*b. What is the units digit of b?
4
Suppose 2*s = -0*s - 16. Let k = s + 11. Suppose k*n = 2*n + 18. What is the tens digit of n?
1
Let v = -35 - -204. What is the hundreds digit of v?
1
Let n(s) = s + 8. Let c be n(-6). Let q(h) = -h**2 + 3 + 2*h**c + 0*h**2. What is the units digit of q(0)?
3
Suppose 16 + 34 = 5*y. Suppose 4 = -2*u - y. Let b = u - -11. What is the units digit of b?
4
Let x = -14 + 18. Suppose 4*s + 0*s - x*l = 0, 3*s - 4*l + 1 = 0. What is the units digit of s?
1
Suppose -5*n + 7 = -3. Suppose 3*v - 44 = -k - 0*k, -4*v = n*k - 58. What is the tens digit of v?
1
Let n be 2/(-5) + 44/10. Suppose n + 2 = r. Suppose 4*h - 14 - r = 0. What is the units digit of h?
5
Let i be (-12)/(-5) - 3/(-5). Suppose 0 = 5*k - 33 + i. What is the units digit of k?
6
Suppose 2*f - 5*f + 15 = 0. Let j = 48 - f. What is the units digit of j?
3
Let d(y) = 2*y**2 + 10*y + 9. Let n be d(-6). Let a = -12 + n. Let z = a + 0. What is the units digit of z?
9
Let f = 12 - 8. Let l be (2/f)/(2/24). What is the units digit of 1*9 - l/(-3)?
1
Let h = 26 + -15. Let n = h - -6. What is the tens digit of n?
1
Let u(l) be the third derivative of -l**6/120 + l**5/20 + l**4/24 - l**3/3 - l**2. Let h be u(3). What is the units digit of (-5)/1*(h + -2)?
5
Let f = -7 - -23. Let h = f + -2. What is the units digit of 178/h - 6/(-21)?
3
Let m(c) = c**3 - c**2 + 29. Let v be m(0). Let a = v + -20. What is the units digit of a?
9
What is the tens digit of 18/((-12)/9 + 2)?
2
Let o(d) = -d**2 + 14. Let y be o(0). What is the tens digit of -1 - (-1 - y) - -1?
1
Let l = 326 - 200. What is the tens digit of l?
2
Suppose -3*q = -5*q + n + 8, 0 = 3*n + 12. Let w(s) = 4*s + 0*s**2 - 3*s**2 + 4*s**q. What is the units digit of w(-5)?
5
Let s(k) = 7*k - 1. Suppose -4*c + 22 = 5*j, 5*j + 2 = 3*c + c. What is the tens digit of s(j)?
1
Let i(t) = -t**3 - 6*t**2 + 2*t + 10. What is the tens digit of i(-7)?
4
Let v = 39 + 62. What is the hundreds digit of v?
1
Suppose 0 = -9*f + 4*f + 180. What is the tens digit of f?
3
Let n(q) = q**3 + 5*q**2 + 3*q + 4. Suppose -5*m = 3*t + 34, -4*m - 9 = 2*t + 17. What is the tens digit of n(t)?
1
Let w = 4 - 11. Let l = w - -11. Let v(y) = 2*y**2 - 4*y - 5. What is the tens digit of v(l)?
1
Let p be (6/2 - 2) + -1. Let r be (3 - 2)/(1/2). Suppose -r*j + p*j + 12 = 0. What is the units digit of j?
6
Suppose h - w - w + 7 = 0, -2*h - 4*w + 18 = 0. What is the tens digit of h + 2 - (-48 + 8)?
4
Let n = 9 + -1. Let f(s) = s**2 - 7*s - 7. Let v be f(n). What is the units digit of (-3 - 2)*(v + -2)?
5
Let d(l) = 8*l**2 + l - 1. Let s be d(1). Suppose s + 0 = r. What is the units digit of r?
8
Suppose -3*c + 6*c - 137 = -2*d, 3*c = -d + 73. What is the tens digit of d?
6
Suppose 0 = 3*q + q - 376. What is the units digit of q?
4
Let l = 356 - 34. What is the hundreds digit of l?
3
Let k = 2 - 2. Let r(a) = a + 9 + k*a - 4. What is the units digit of r(-4)?
1
Suppose 4*d + 12 = d. Let x = d - -6. Suppose -x = -3*r + 22. What is the units digit of r?
8
Let w = -5 - -3. Let g = 2 + w. Suppose q + g = -5*r - 6, -22 = -4*q + 3*r. What is the units digit of q?
4
Suppose 2*v - 74 = 3*d, -3*v + 3*d + d + 112 = 0. What is the tens digit of (v/(-14))/((-2)/7)?
1
What is the tens digit of (-3 - (-1 + -1))*-31?
3
Suppose 3*t = 3 - 0. Suppose 2*z - 3*s + 5 = 0, z + z - s = t. What is the units digit of z?
2
Let c = -401 + 718. What is the units digit of c?
7
Let d(k) = 2*k - 7. Let z be d(5). Suppose 0 = 7*w - 2*w + 15, -3*w = -z*m + 105. What is the tens digit of m?
3
Let q(b) = 0*b**2 + 5 - 2 - 4*b**2 + 3*b**2 + 2*b. Let r be q(3). Suppose r*h - 21 = -3*h. What is the units digit of h?
7
Suppose -s - 7 = -24. Let a be 3 - 6/2 - -5. Suppose -a = 3*m - s. What is the units digit of m?
4
Let o(z) = -z**2 + 18*z - 7. What is the tens digit of o(5)?
5
Let v be 30/18*1*(1 + 2). Suppose -13 = -2*m - 5*g, m + 1 = -5*g + 10. Suppose v*u - 29 = -m. What is the units digit of u?
5
Let j = -67 - -111. What is the tens digit of j?
4
Let n(s) = -s**2 + s + 5. Let l be n(0). Suppose 2 + 8 = l*t. Suppose 3*q + 0*q = 6, -2*f + 5*q = -t. What is the units digit of f?
6
Let x(d) = -d - 2. Let c be ((-10)/(-8))/(4/(-16)). What is the units digit of x(c)?
3
Suppose 13*x - 4235 = -335. What is the hundreds digit of x?
3
Let v(l) = 4*l**3 + l**2 - l. Let m be v(1). Let x(j) = j**3 - 10*j**2 + 9*j + 6. Let s be x(9). Suppose s*k - m = 2*k. What is the units digit of k?
1
What is the units digit of (-5 - 40)/(-2 - -1)?
5
Let s(i) = -i**3 + 4*i**2. What is the units digit of s(-3)?
3
Let b(c) = 13*c + 24. What is the units digit of b(6)?
2
Suppose -4*v = 2*j + 28, 3*j + 17 = -5*v - 27. Let i = 34 + j. What is the units digit of i?
6
Let b be (-17)/(1/2*-2). Let w = -10 + b. What is the units digit of w?
7
Suppose -3*n + 13 = -5*q, -4*q - 3*n - 6 = -1. What is the units digit of (q/(-4) + 0)*14?
7
Let p(c) = c**3 - 4*c**2 + 5*c + 4. Let k be p(4). Suppose -h = 4*s - 24, 0*h - 5*s = -h + k. What is the units digit of h?
4
Let p(v) = -v**3 - 19*v**2 + 20*v + 1. What is the units digit of p(-20)?
1
Let y = -7 - -12. Suppose 2*b + y = -3. What is the units digit of 2/8 - 3/b?
1
Suppose -3*s - 3 = -141. What is the units digit of s?
6
Let z = -127 - -76. Let s = -30 - z. What is the units digit of s?
1
Let l be 3 + -2 - (-3)/(-1). Let g be 1 + l*2 + -1. Let q = 7 + g. What is the units digit of q?
3
Suppose a - 81 = 5*y - 2*y, 0 = 2*a + 4*y - 132. Suppose -29 = -r - 2*c - 0*c, -4*r + a = -3*c. What is the tens digit of r?
2
Suppose -2*p - 15 = -9. What is the units digit of -4 - (2 - -19)/p?
3
Let r = 2 + 33. Suppose 5*h = r - 10. What is the units digit of h?
5
Let r be (-1 + 0)/(5/(-140)). Suppose -3*d + r = -11. What is the units digit of d?
3
Let g(v) = -v**2 - 10*v + 3. Let o be g(-12). What is the units digit of (-4)/14 - 321/o?
5
Suppose -3*c + 0*x + 4*x = -14, 5*x = -3*c - 4. What is the tens digit of (0 + -12)*(-3)/c?
1
Let q = 41 - -9. What is the units digit of q?
0
Let l(o) = 5*o**2 - 14*o. What is the tens digit of l(7)?
4
Let h = -17 + 37. Let v(g) = 2*g**2 + g - 2. Let s be v(-2). Suppose -t + h = s*t. What is the units digit of t?
4
Let x(h) = 7*h**2 + 3*h + 2. Let s be x(-1). What is the units digit of s/(-45) - (-1671)/45?
7
Let g = -16 + 35. Let j be 2/5 + (-8)/(-5). What is the units digit of (-3)/(-6) + g/j?
0
Suppose -1121 = -7*y + 489. What is the units digit of y?
0
Suppose 3*f + 73 + 21 = k, -4*k + 376 = 3*f. What 